{"id":2,"date":"2024-09-03T19:08:50","date_gmt":"2024-09-03T19:08:50","guid":{"rendered":"http:\/\/ppbhp.pl\/?page_id=2"},"modified":"2024-09-14T13:15:27","modified_gmt":"2024-09-14T13:15:27","slug":"sample-page","status":"publish","type":"page","link":"https:\/\/ppbhp.pl\/","title":{"rendered":"WITAJ"},"content":{"rendered":"\t\t<div data-elementor-type=\"wp-page\" data-elementor-id=\"2\" class=\"elementor elementor-2\" data-elementor-post-type=\"page\">\n\t\t\t\t<div class=\"elementor-element elementor-element-726d8f0 e-flex e-con-boxed e-con e-parent\" data-id=\"726d8f0\" data-element_type=\"container\">\n\t\t\t\t\t<div class=\"e-con-inner\">\n\t\t\t\t<div class=\"elementor-element elementor-element-ffebb37 elementor-widget elementor-widget-image\" data-id=\"ffebb37\" data-element_type=\"widget\" data-widget_type=\"image.default\">\n\t\t\t\t<div class=\"elementor-widget-container\">\n\t\t\t\t\t\t\t\t\t\t\t\t\t<img fetchpriority=\"high\" decoding=\"async\" width=\"648\" height=\"132\" src=\"https:\/\/ppbhp.pl\/wp-content\/uploads\/2024\/09\/logo.png\" class=\"attachment-large size-large wp-image-11\" alt=\"\" srcset=\"https:\/\/ppbhp.pl\/wp-content\/uploads\/2024\/09\/logo.png 648w, https:\/\/ppbhp.pl\/wp-content\/uploads\/2024\/09\/logo-300x61.png 300w\" sizes=\"(max-width: 648px) 100vw, 648px\" \/>\t\t\t\t\t\t\t\t\t\t\t\t\t<\/div>\n\t\t\t\t<\/div>\n\t\t\t\t<div class=\"elementor-element elementor-element-5088dbe elementor-widget elementor-widget-heading\" data-id=\"5088dbe\" data-element_type=\"widget\" data-widget_type=\"heading.default\">\n\t\t\t\t<div class=\"elementor-widget-container\">\n\t\t\t<h2 class=\"elementor-heading-title elementor-size-default\">biuro@ppbhp.pl<\/h2>\t\t<\/div>\n\t\t\t\t<\/div>\n\t\t\t\t<div class=\"elementor-element elementor-element-baff0ce elementor-widget elementor-widget-heading\" data-id=\"baff0ce\" data-element_type=\"widget\" data-widget_type=\"heading.default\">\n\t\t\t\t<div class=\"elementor-widget-container\">\n\t\t\t<h2 class=\"elementor-heading-title elementor-size-default\">tel. 510 033 618<\/h2>\t\t<\/div>\n\t\t\t\t<\/div>\n\t\t\t\t\t<\/div>\n\t\t\t\t<\/div>\n\t\t<div class=\"elementor-element elementor-element-48d50e9 e-flex e-con-boxed e-con e-parent\" data-id=\"48d50e9\" data-element_type=\"container\">\n\t\t\t\t\t<div class=\"e-con-inner\">\n\t\t<div class=\"elementor-element elementor-element-b52e86c e-con-full e-flex e-con e-child\" data-id=\"b52e86c\" data-element_type=\"container\">\n\t\t\t\t<div class=\"elementor-element elementor-element-149fbfd elementor-widget elementor-widget-text-editor\" data-id=\"149fbfd\" data-element_type=\"widget\" data-widget_type=\"text-editor.default\">\n\t\t\t\t<div class=\"elementor-widget-container\">\n\t\t\t\t\t\t\t<ul>\n<li><strong>Audyt i ocena ryzyka po\u017carowego<\/strong> \u2013 zidentyfikujemy potencjalne zagro\u017cenia i wdro\u017cymy rozwi\u0105zania minimalizuj\u0105ce ryzyko.\n<\/li>\n<li><strong>Szkolenia BHP i PPO\u017b<\/strong> \u2013 przeszkolimy Twoich pracownik\u00f3w, aby wiedzieli, jak post\u0119powa\u0107 w sytuacjach kryzysowych i przestrzegali zasad bezpiecze\u0144stwa na co dzie\u0144.\n<\/li>\n<li><strong>Przygotowanie dokumentacji<\/strong> \u2013 zajmiemy si\u0119 opracowaniem niezb\u0119dnych procedur i plan\u00f3w ewakuacyjnych zgodnych z obowi\u0105zuj\u0105cymi przepisami.\n<\/li>\n<li><strong>Regularne przegl\u0105dy i kontrole<\/strong> \u2013 zadbamy o aktualizacj\u0119 system\u00f3w zabezpiecze\u0144 i dopilnujemy, by wszystkie standardy by\u0142y na bie\u017c\u0105co przestrzegane.<\/li><\/ul>\t\t\t\t\t\t<\/div>\n\t\t\t\t<\/div>\n\t\t\t\t<div class=\"elementor-element elementor-element-91fbbb3 elementor-widget elementor-widget-image\" data-id=\"91fbbb3\" data-element_type=\"widget\" data-widget_type=\"image.default\">\n\t\t\t\t<div class=\"elementor-widget-container\">\n\t\t\t\t\t\t\t\t\t\t\t\t\t<img decoding=\"async\" src=\"https:\/\/ppbhp.pl\/wp-content\/uploads\/elementor\/thumbs\/555e1e4e-4578-44ca-ac32-8c1faa4d9aa0-qu3dhfji8rzpy07a3cnww6nblpbc8glsrlsfde55c4.webp\" title=\"555e1e4e-4578-44ca-ac32-8c1faa4d9aa0\" alt=\"555e1e4e-4578-44ca-ac32-8c1faa4d9aa0\" loading=\"lazy\" \/>\t\t\t\t\t\t\t\t\t\t\t\t\t<\/div>\n\t\t\t\t<\/div>\n\t\t\t\t<div class=\"elementor-element elementor-element-e9c855e elementor-widget elementor-widget-heading\" data-id=\"e9c855e\" data-element_type=\"widget\" data-widget_type=\"heading.default\">\n\t\t\t\t<div class=\"elementor-widget-container\">\n\t\t\t<h2 class=\"elementor-heading-title elementor-size-default\">Profilaktyka Przeciwpo\u017carowa i BHP<\/h2>\t\t<\/div>\n\t\t\t\t<\/div>\n\t\t\t\t<\/div>\n\t\t<div class=\"elementor-element elementor-element-6a7dc72 e-con-full e-flex e-con e-child\" data-id=\"6a7dc72\" data-element_type=\"container\">\n\t\t<div class=\"elementor-element elementor-element-cda18a2 e-con-full e-flex e-con e-child\" data-id=\"cda18a2\" data-element_type=\"container\">\n\t\t\t\t<div class=\"elementor-element elementor-element-e774d1f elementor-widget elementor-widget-image\" data-id=\"e774d1f\" data-element_type=\"widget\" data-widget_type=\"image.default\">\n\t\t\t\t<div class=\"elementor-widget-container\">\n\t\t\t\t\t\t\t\t\t\t\t\t\t<img decoding=\"async\" src=\"https:\/\/ppbhp.pl\/wp-content\/uploads\/elementor\/thumbs\/904d5777-dd70-43dd-89a4-67f81f826858-qu3b1b67ixczi27bnre1mx6mq9njlzrpng0ooisuo4.webp\" title=\"904d5777-dd70-43dd-89a4-67f81f826858\" alt=\"904d5777-dd70-43dd-89a4-67f81f826858\" loading=\"lazy\" \/>\t\t\t\t\t\t\t\t\t\t\t\t\t<\/div>\n\t\t\t\t<\/div>\n\t\t\t\t<div class=\"elementor-element elementor-element-7f76368 elementor-widget elementor-widget-image\" data-id=\"7f76368\" data-element_type=\"widget\" data-widget_type=\"image.default\">\n\t\t\t\t<div class=\"elementor-widget-container\">\n\t\t\t\t\t\t\t\t\t\t\t\t\t<img decoding=\"async\" src=\"https:\/\/ppbhp.pl\/wp-content\/uploads\/elementor\/thumbs\/32af01a4-8061-4100-9a23-094702368fa9-qu3b35wr05wcedidu28k1yccwmilsi4nkmc5r61wec.webp\" title=\"32af01a4-8061-4100-9a23-094702368fa9\" alt=\"32af01a4-8061-4100-9a23-094702368fa9\" loading=\"lazy\" \/>\t\t\t\t\t\t\t\t\t\t\t\t\t<\/div>\n\t\t\t\t<\/div>\n\t\t\t\t<\/div>\n\t\t<div class=\"elementor-element elementor-element-72e2cfa e-con-full e-flex e-con e-child\" data-id=\"72e2cfa\" data-element_type=\"container\">\n\t\t\t\t<div class=\"elementor-element elementor-element-b03a2b0 elementor-widget elementor-widget-image\" data-id=\"b03a2b0\" data-element_type=\"widget\" data-widget_type=\"image.default\">\n\t\t\t\t<div class=\"elementor-widget-container\">\n\t\t\t\t\t\t\t\t\t\t\t\t\t<img decoding=\"async\" src=\"https:\/\/ppbhp.pl\/wp-content\/uploads\/elementor\/thumbs\/626e8135-faa0-43f5-9d48-a1d1d050f010-qu3b4ko197tttbgnlo6eslj8zfkfc5q5rlkdo3yn2c.webp\" title=\"626e8135-faa0-43f5-9d48-a1d1d050f010\" alt=\"626e8135-faa0-43f5-9d48-a1d1d050f010\" class=\"elementor-animation-pulse\" loading=\"lazy\" \/>\t\t\t\t\t\t\t\t\t\t\t\t\t<\/div>\n\t\t\t\t<\/div>\n\t\t\t\t<\/div>\n\t\t\t\t<\/div>\n\t\t\t\t\t<\/div>\n\t\t\t\t<\/div>\n\t\t\t\t<\/div>\n\t\t","protected":false},"excerpt":{"rendered":"<p>biuro@ppbhp.pl tel. 510 033 618 Audyt i ocena ryzyka po\u017carowego \u2013 zidentyfikujemy potencjalne zagro\u017cenia i wdro\u017cymy rozwi\u0105zania minimalizuj\u0105ce ryzyko. Szkolenia BHP i PPO\u017b \u2013 przeszkolimy Twoich pracownik\u00f3w, aby wiedzieli, jak post\u0119powa\u0107 w sytuacjach kryzysowych i przestrzegali zasad bezpiecze\u0144stwa na co dzie\u0144. Przygotowanie dokumentacji \u2013 zajmiemy si\u0119 opracowaniem niezb\u0119dnych procedur i plan\u00f3w ewakuacyjnych zgodnych z obowi\u0105zuj\u0105cymi [&hellip;]<\/p>\n","protected":false},"author":1,"featured_media":0,"parent":0,"menu_order":0,"comment_status":"closed","ping_status":"open","template":"","meta":{"footnotes":""},"class_list":["post-2","page","type-page","status-publish","hentry"],"_links":{"self":[{"href":"https:\/\/ppbhp.pl\/index.php\/wp-json\/wp\/v2\/pages\/2","targetHints":{"allow":["GET"]}}],"collection":[{"href":"https:\/\/ppbhp.pl\/index.php\/wp-json\/wp\/v2\/pages"}],"about":[{"href":"https:\/\/ppbhp.pl\/index.php\/wp-json\/wp\/v2\/types\/page"}],"author":[{"embeddable":true,"href":"https:\/\/ppbhp.pl\/index.php\/wp-json\/wp\/v2\/users\/1"}],"replies":[{"embeddable":true,"href":"https:\/\/ppbhp.pl\/index.php\/wp-json\/wp\/v2\/comments?post=2"}],"version-history":[{"count":70,"href":"https:\/\/ppbhp.pl\/index.php\/wp-json\/wp\/v2\/pages\/2\/revisions"}],"predecessor-version":[{"id":106,"href":"https:\/\/ppbhp.pl\/index.php\/wp-json\/wp\/v2\/pages\/2\/revisions\/106"}],"wp:attachment":[{"href":"https:\/\/ppbhp.pl\/index.php\/wp-json\/wp\/v2\/media?parent=2"}],"curies":[{"name":"wp","href":"https:\/\/api.w.org\/{rel}","templated":true}]}}